 + x*j - 9 = 0. Let t(b) = b**2 - 9*b + 4. Let s be t(j). What is the greatest common divisor of 8 and s?
4
Let f be 4 - (-2 - -7) - 1649/1. Let y be (0 - f/9)*24/20. Calculate the highest common factor of y and 20.
20
Suppose -3*v - 292 = -2*b + 179, -3*b + 3*v = -705. What is the highest common factor of 26 and b?
26
Let z be 1015 - ((-2 - 0) + 2). Suppose -4*l - 203 = -y - l, -4*l = 5*y - z. What is the greatest common divisor of y and 29?
29
Suppose 5*c + 4*m - 172 = 0, -2*c - c - 2*m = -104. What is the greatest common divisor of c and 72?
36
Let x(i) = -2*i**2 + i + 2. Let g be x(-1). Let n(o) = 9*o**2. Let d be n(g). Let f be d/6*10/15. What is the highest common divisor of 1 and f?
1
Suppose -5*j = 3*l - 1155, -5*l - 379 = -3*j + 314. What is the highest common factor of j and 63?
21
Let z be 4*(0 - (-38)/4). Let n(m) = 593*m + 3615. Let v be n(-6). Calculate the greatest common divisor of z and v.
19
Let x = 28 - 69. Let f = x + 96. Calculate the highest common factor of f and 11.
11
Suppose 0 = j - 6*j - 465. Let l be 33/(-55) - j/5. Suppose -l + 2 = -4*i. What is the greatest common divisor of i and 8?
4
Suppose 3*l + 10*r = 14*r + 7, 4*l - 3 = -r. Suppose 25 + l = 2*b. Let f = 153 + -62. Calculate the greatest common divisor of f and b.
13
Suppose 3*a = -3*l + 117, 3*l + 165 = 5*a - 2*l. Let v = -22 + a. What is the highest common factor of v and 7?
7
Let r be (1 - 0)/((-10)/(-30)). Suppose w + 3*w + 5*y = 101, 0 = 4*w - 5*y - 91. Calculate the greatest common divisor of w and r.
3
Let i be (-1 - (-8)/8) + 40 + 0. Let w = 19 + 1. What is the greatest common divisor of w and i?
20
Let p = -91 - -167. Let w be (-57)/(-2*(-3)/(-2)). What is the greatest common divisor of p and w?
19
Let p(b) be the first derivative of -b**4/4 - 3*b**3 - 5*b**2 - 11*b + 26. Let w be p(-8). What is the highest common factor of 40 and w?
5
Let p be 624/60*(20 + 0). Suppose -2*i = 3*r - p, -5*i + 14 = 2*r - 110. Calculate the highest common factor of 9 and r.
9
Let j(m) = -56*m**3 - 4*m**2 - 6*m - 3. Let a be j(-1). What is the highest common divisor of a and 605?
55
Suppose -7*k + 11*k - 12 = 0. Suppose 2*m + 28 = k*m. Calculate the highest common divisor of m and 4.
4
Let c be (-105)/(-25) + (-2)/10. Suppose -s = -0*s - 3*w, -c*w = 3*s - 13. Suppose s*l - 69 = 21. What is the highest common divisor of 12 and l?
6
Let n be (-28)/(-28) - (-4 - -1)*-1. Let w be ((-15)/(-10))/(1/n) + 259. Calculate the greatest common factor of 32 and w.
32
Let r = 313 + -303. Calculate the greatest common factor of 10 and r.
10
Let l be ((-25)/15 + (-38)/3)*-27. What is the highest common divisor of 9 and l?
9
Let k(u) = -28*u**3 - 2*u**2 + 1. Let y be k(1). Let j be 3/9*201 + -2. Let h = j + y. Calculate the greatest common divisor of h and 4.
4
Suppose 5*t = 2*t - 6, 2*u = 5*t - 100. Let q = 9 + u. Let m = 74 + q. What is the highest common divisor of m and 42?
14
Let g(s) = s**2 - 11*s - 14. Let h be g(12). Let b be 2*((-11)/h)/1. Suppose -165 = -0*k - 5*k. Calculate the highest common divisor of k and b.
11
Let l = 19 - 21. Let f be 2/4 - l/(-4). Suppose 6*b - 3*b - 42 = -2*a, -2*b + 2*a + 28 = f. What is the greatest common factor of 35 and b?
7
Let n = -59 - -65. Suppose 40 = n*s - 32. Calculate the highest common divisor of 18 and s.
6
Suppose -2*w = q - 244, -3*w - w + 2*q = -472. Suppose -4 = 4*t - 32. Suppose f + t*f = w. What is the highest common factor of f and 30?
15
Suppose 0*v + v - 2*a = 20, 0 = -5*v - 2*a + 136. Let o = v - 21. Suppose 7 = -3*r - 0*q - 5*q, 5*q = -o*r + 5. What is the greatest common divisor of 9 and r?
3
Suppose 8*y - 439 - 1865 = 0. Let s = 12 - -20. Calculate the greatest common divisor of y and s.
32
Suppose 0 = -j - 4*u - 5, 2*j - 29 = -j - u. Let q = 295 + -207. Calculate the greatest common factor of q and j.
11
Let x(k) = 3*k**2 + 4*k + 3. Let c be x(-2). Suppose 20*u - 6*u - 98 = 0. What is the greatest common factor of c and u?
7
Suppose -q - 33 = 1. Let z = -19 - q. What is the highest common factor of 120 and z?
15
Suppose 5*o - 2*o = 0. Suppose 4*q = m + q - 35, -4*m - 2*q + 70 = o. What is the greatest common divisor of m and 80?
20
Let l be (5 + -2)/(1246/310 + -4). Calculate the highest common factor of 124 and l.
31
Let d(x) = -x**2 + 14*x - 12. Let b be d(13). Let p(z) = -4*z - 1. Let n be p(-2). Calculate the greatest common divisor of n and b.
1
Let f be (-6)/16 - 77/8. Let m = -7 - f. Suppose 2*w = m*u - 3, -4*u = -14 - 6. Calculate the highest common divisor of 15 and w.
3
Let o(d) = d**3 + 14*d**2 + 11*d - 15. Let y be o(-13). What is the greatest common factor of y and 9?
1
Suppose -3*b + 87 = -21. Calculate the highest common factor of 204 and b.
12
Suppose -5*r + 12 = -78. Let c(u) = u**2 - 9. Let m be c(5). Let h be ((-6)/4)/(m/(-576)). Calculate the highest common factor of h and r.
18
Suppose -37 = -3*t - 2*n, -4*t = 3*n + 2*n - 54. Let g = 13 - t. Let l be (-4 + 2)*(-5)/g. What is the greatest common divisor of 2 and l?
1
Let h = 47 + 36. What is the greatest common divisor of 2 and h?
1
Suppose -14*k = -d - 19*k + 11, -3*k - 123 = -3*d. Calculate the highest common divisor of d and 576.
36
Let q = -7 + 15. Let a(o) = -o**2 + 6*o - 3. Let v be a(6). Let k(m) = 5*m**2 + 5*m + 2. Let b be k(v). What is the greatest common divisor of b and q?
8
Suppose 363 = 24*c - 3309. What is the highest common divisor of c and 45?
9
Let o(t) = -3*t - 10. Let c be o(-5). Suppose -c = -5*z + 4*z. Suppose z*u = 15, 5*i - 2*u - 2*u + 2 = 0. What is the greatest common factor of 18 and i?
2
Suppose 0 = -3*v + 4*p + 76, 2*v - 20 = -p + 16. Let j = -18 + v. Let f be 268/12 + (-2)/6. Calculate the greatest common factor of j and f.
2
Suppose -453 = -4*x - n, 5*n + 614 = 5*x + 79. Calculate the greatest common factor of 7 and x.
7
Let y(z) = -z**3 - 6*z**2 + 5*z + 1. Let i be y(-7). What is the greatest common factor of i and 5?
5
Let g be -6*(6/(-1) - 0). Let a = g - 25. Let v(t) = -t**3 - 2*t**2 + 13*t + 55. Let q be v(4). Calculate the highest common divisor of q and a.
11
Suppose -7*m + 302 - 218 = 0. Calculate the highest common divisor of m and 159.
3
Let a = 503 + 17. What is the highest common divisor of a and 65?
65
Let g(u) = u**3 + 2*u**2 + 11*u - 22. Let z be g(3). Let r = -6 - -13. Calculate the highest common factor of r and z.
7
Let o = 50 - 20. Let i(t) = t**3 + 5*t**2 - 3*t + 5. Let g be i(-5). What is the greatest common factor of o and g?
10
Let x(i) = i**3 + 3*i**2 + 4. Let q be x(-4). Let y be (8/q)/(1/(-6)). Suppose 28 = y*o - 0*o. What is the greatest common factor of 77 and o?
7
Suppose -11*c + 13*c = 100. Calculate the highest common factor of c and 550.
50
Let l = 63 + 21. Let t(y) = 6*y + 4*y - 4 - 4*y - 2*y. Let r be t(4). Calculate the greatest common divisor of l and r.
12
Let a be 30/375 + 80244/75. What is the highest common factor of a and 10?
10
Suppose -o = 5*m + 4*o - 360, 5*o - 147 = -2*m. Let w = -29 + m. Calculate the highest common factor of 63 and w.
21
Let f = -28 - 8. Let j = f - -48. What is the greatest common divisor of j and 20?
4
Let a = 277 - 102. Calculate the highest common factor of 25 and a.
25
Let f = 10 + -7. Suppose 0 = f*l - 9. Let k = 8 + l. Calculate the highest common divisor of k and 77.
11
Suppose 2*f - 6 = -2*v, -f - 5*v + 31 - 8 = 0. Let g(a) = -6*a + 1. Let s be g(f). Calculate the highest common divisor of 117 and s.
13
Let x = 1011 + -551. What is the greatest common factor of 20 and x?
20
Let d = -141 + 109. Let g = 21 - d. Calculate the greatest common factor of 424 and g.
53
Let p = -1349 - -1418. Calculate the highest common divisor of 3 and p.
3
Let g(v) = v**3 - 15*v**2 + 15*v - 21. Let y be g(14). Let x be -3 - ((-16)/4 + y). Calculate the highest common factor of x and 24.
8
Let b = 2263 + -2230. Calculate the greatest common factor of b and 275.
11
Let u(r) = r**3 - 6*r**2 - 17*r + 8. Let a be u(8). Suppose 17*f - 16*f - 90 = a. What is the greatest common factor of f and 36?
18
Let r = 2109 + -352. What is the greatest common divisor of r and 7?
7
Suppose -32 = -m + 6. Suppose d - 5*f - 3 = 0, 4*d - f + m + 7 = 0. Let b = d + 24. Calculate the greatest common divisor of b and 6.
6
Suppose -5*v + 85 = -3*q + 28, -3 = v + 3*q. Calculate the highest common